ctors of 16 - 1/(-2 - u)?
3, 5
Let w = -16 - -20. Let d = 18 - w. What are the prime factors of d?
2, 7
Let f(o) be the second derivative of o**5/20 - 11*o**4/12 + o**3/2 - 13*o**2/2 + 4*o. What are the prime factors of f(11)?
2, 5
Let u = 18 - 12. Suppose a = u*a - 75. What are the prime factors of a?
3, 5
Let q(u) = 54*u - 2. What are the prime factors of q(1)?
2, 13
Let t be (1 - 0)*(1 - 0). Suppose -5*a + d + 2*d = -64, -a = 4*d + t. What are the prime factors of a?
11
Let k be -4 - 0 - (1 - 3). Let i(j) = 11*j**2 + 4*j + 2. What are the prime factors of i(k)?
2, 19
Suppose 0*m = -5*m. Let z = 18 + -16. Suppose -z + 17 = 2*c - 3*i, m = 3*c - 5*i - 22. What are the prime factors of c?
3
Let m(z) = 2*z**2. Let n be m(2). Let a(u) = -u + 14. Let r be a(n). Suppose 0 = h + h - r. What are the prime factors of h?
3
Suppose 16 = 5*o - 3*o. Suppose m = 0, -3*z + 5*z + 4*m - o = 0. What are the prime factors of 2*(18/z)/3?
3
Suppose 0 = 2*p + p - 132. What are the prime factors of p?
2, 11
Let u = 15 - 49. Let d = -22 - u. What are the prime factors of d?
2, 3
Let u(a) = a**3 - 6*a**2 - 3*a - 27. List the prime factors of u(9).
3, 7
Let j(b) = 4*b**2 - 9*b + 10. What are the prime factors of j(8)?
2, 97
Let r = 58 + 7. List the prime factors of ((-182)/r)/((-2)/5).
7
Suppose -4 = -6*w + 4*w. List the prime factors of 1*w/2*10.
2, 5
Let f be -1*((-4)/(-2) - 15). Suppose -3*u + 6 = 3*t, -3*u + 2*t + 2*t = -27. Suppose 21 = 5*v - 3*s, -u*v - s + f = -0*s. What are the prime factors of v?
3
Suppose 3*k = k + 4. Suppose 0*x = -k*x + 2*i + 64, 176 = 5*x - i. List the prime factors of x.
2, 3
Suppose 0 = 3*i - 2*d - 211 + 16, 246 = 4*i + 2*d. What are the prime factors of i?
3, 7
Let y be (-1 + 10)/(6/6). Suppose -3*v + 5*t = -22, y + 7 = 4*t. What are the prime factors of v?
2, 7
Let w(q) = -q**3 + 5*q**2 - 2*q + 3. What are the prime factors of w(4)?
11
Let l be 38/(-2 + 1 + 2). Suppose 0 = -5*x + b + l, 1 = -4*x + b + 32. List the prime factors of x.
7
Suppose -26 = s + 4*k, -s + 8 + 2 = -5*k. Let t = -5 - s. Suppose l = 2*z + 2*l - 19, t = -5*l. What are the prime factors of z?
2, 5
Let d be 6/(-15) + 12/5. What are the prime factors of 5/d*(1 - -1)?
5
Let r(p) = -3*p**3 - 3*p**2 + 5*p - 3. Let s(k) = -13*k**3 - 13*k**2 + 21*k - 12. Let j(i) = -9*r(i) + 2*s(i). What are the prime factors of j(2)?
3
Let i be (-18)/45 + (-24)/(-10). Let h = 1 + i. Suppose 7 = h*n - 29. What are the prime factors of n?
2, 3
Suppose 0 = 37*p - 36*p - 161. What are the prime factors of p?
7, 23
Let w(q) = -q**3 - 7*q**2 + 7*q - 3. Let f be w(-8). Let a = f + -3. What are the prime factors of a?
2
Suppose -2*i + i = -20. Let n be 2*-1*(-1 + i). List the prime factors of (n - -5)*1/(-3).
11
Let i(y) = -y. Let s be i(-5). Suppose 0*p + 6 = p + 2*d, 3*p - s*d = 18. What are the prime factors of 1/(-6) - (-67)/p?
11
Let x(h) = -h**2 + 7*h + 8. Let u be x(8). Suppose u = k + k. Suppose k = -0*d + d - 4. What are the prime factors of d?
2
Let k = 6 + -3. Suppose k*l - 6*l = -9. Suppose -8 = -0*g - 2*g + l*p, 16 = 2*g - p. What are the prime factors of g?
2, 5
Suppose -5*r = -5*z + 50, -4*r - 8 = 4. Suppose 0 = -3*a + 4*a - z. Let f = 15 - a. List the prime factors of f.
2
Suppose a + 4 = 1. Let d = a + 5. List the prime factors of d/10 + 64/5.
13
Let t = 79 + -31. What are the prime factors of t?
2, 3
Suppose -4*l - 8 = 0, -2*a - 41 = a + 4*l. Let p = -17 - a. Let w = 12 + p. What are the prime factors of w?
2, 3
Suppose t = 4*d + 3*t - 600, 0 = -4*d + 3*t + 600. List the prime factors of d.
2, 3, 5
Suppose u - 2*u + 3*b = -14, -3*b - 25 = -2*u. Suppose -5*x - 80 = -2*o - 3*o, 5*x - u = -2*o. What are the prime factors of o?
13
Suppose 0 = -2*l - 9 + 3. Suppose 5*o - o - 35 = -3*m, 0 = -4*o - 4*m + 36. List the prime factors of (3/l)/1 + o.
7
Let o = -18 - -53. What are the prime factors of o?
5, 7
Suppose -60 = -5*g - 5*q, -2*g + q + 26 - 2 = 0. List the prime factors of (-1)/(g/15 - 1).
5
Suppose 0*z - 5*z = -25. Suppose -z*r - 121 = 2*g + g, 4*r = -5*g - 102. List the prime factors of r/(-2) - 4/(-8).
2, 3
Suppose -3*b = 3*z - 6, b + 17 + 5 = 5*z. Suppose -z*f - f + 35 = 0. What are the prime factors of (5 - f)*26/(-4)?
13
Let u(t) = -t**2 - t + 1. Let x(y) = y**3 - 11*y**2 - 6*y - 2. Let f(b) = 4*u(b) - x(b). Let g(a) = a + 7. Let l be g(0). What are the prime factors of f(l)?
2, 5
Let l(o) = o**3 - 5*o**2 - 10*o - 3. Let q be ((-4)/6)/(6/(-63)). Let s be l(q). Suppose -s = -4*u - u. What are the prime factors of u?
5
Suppose -6*n + n - 40 = 0. Let a = n - -22. List the prime factors of a.
2, 7
List the prime factors of 56 + 1/(-2)*0.
2, 7
Let d = 406 - 276. List the prime factors of d.
2, 5, 13
Suppose 3*f + 6 = 3*g + 3, -4*g + 4 = -5*f. Let k = g + 9. What are the prime factors of ((-8)/k)/((-2)/30)?
2, 3
Let a(h) = 3*h + 2*h + 2 - 4*h. Let n be a(3). Suppose -30 = -n*m - 5. List the prime factors of m.
5
Let g be 0 + 0 + 0 - -6. Suppose 0 = -m + g*m - 25. List the prime factors of m.
5
Let u(k) = -2*k - 16. Let i(y) = y - 21. Let b be i(12). List the prime factors of u(b).
2
Let c be ((-2)/6)/(1/(-6)). Suppose 14 = 2*d + 4*f, -3*f = 2*d + c*f - 16. List the prime factors of d.
3
Suppose t = -1, 4*t - 8 = -4*a + a. Suppose 0 = -y - a*y. Suppose y = 2*b + 2*n - 16, 23 = 3*b + 4*n - 5. List the prime factors of b.
2
Suppose 3*l - 10 = -2*d + 12, -d = 1. Let n be ((-4)/l)/(1/(-6)). Suppose -n*r = -r - 8. List the prime factors of r.
2
Suppose -r + 12 = -3*r. List the prime factors of 8/12 + (-164)/r.
2, 7
Suppose b = -3*t - 4*b + 616, 4*t - 852 = b. What are the prime factors of t?
2, 53
Let i = 105 - -24. What are the prime factors of i?
3, 43
Suppose 5*l = 182 + 173. What are the prime factors of l?
71
Let m be 3 - ((-12)/(-4) + -3). Suppose 3*h - 30 = -m*n, 5*h = 2*n + 28 + 43. What are the prime factors of h?
13
Suppose 0 = -4*f + f. Suppose f*u = -4*u + 204. List the prime factors of u.
3, 17
Let g(n) = n + 4. Let s be (-4)/10 - 52/(-5). What are the prime factors of g(s)?
2, 7
Let y(s) = -8*s - 36. List the prime factors of y(-17).
2, 5
List the prime factors of (12/6)/((-4)/(-562)).
281
Let v(b) = 2*b**2 - 5*b - 5. Suppose -5*m + 2*g = 12 - 45, 7 = -m - 3*g. What are the prime factors of v(m)?
2, 5
Let t(j) = j - 7. Let w be t(7). Suppose w = -u + 2*u - 2. List the prime factors of u.
2
Let b be (420/4 - 0) + 0. Suppose 0 = 5*r - 4*k - 75, r - 2*k = 6*r - b. List the prime factors of r.
19
Let u = -30 - -91. What are the prime factors of u?
61
Let s(f) = 11*f**2 + 1. Let n be s(-2). What are the prime factors of n/(-2)*(-52)/39?
2, 3, 5
Suppose -4*l + 32 = 4*j, 0 = 5*j - 4*l - 3 - 1. Let y = 45 - -13. Suppose j*o - y = 34. List the prime factors of o.
23
List the prime factors of (4/2)/(-1)*(-370)/4.
5, 37
Let f(n) be the first derivative of n**3/3 - n**2 + 5*n + 5. What are the prime factors of f(6)?
29
Let v = 35 - 2. What are the prime factors of v?
3, 11
Let w(q) = -q**2 + 19*q + 37. What are the prime factors of w(16)?
5, 17
Let r(h) = h**2 - 3. Let k be r(3). Suppose -3*o + k = -o. List the prime factors of o.
3
Suppose -2*h = -5*h. Suppose -20 = -2*j - 5*i + 12, h = i + 4. What are the prime factors of j?
2, 13
Suppose 0 = 3*q - 3*f - 15, -4*q - 2 + 4 = 2*f. List the prime factors of (q/1)/(2/11).
11
Suppose d + 5*o - 2 + 4 = 0, 3*o = 0. Let z(j) = -13*j + 2. Let k be z(d). Suppose 2 - k = -t + 4*g, g = t - 14. List the prime factors of t.
2, 5
Let s = 74 + -30. What are the prime factors of s?
2, 11
Suppose 2*p + o = -2, 0 = p + 3*o + 6 - 0. Suppose p = -0*z - 5*z. Suppose -4*c + 23 + 9 = z. List the prime factors of c.
2
Suppose 95 = 5*p + 5*u, 3*p + 20 = -u + 71. What are the prime factors of p?
2
Suppose 0*b + 4 = 2*b. Suppose -b*n + 68 = 2*n. Let h = n + -8. What are the prime factors of h?
3
Let b = -5 + 7. List the prime factors of ((-34)/b)/(3/(-3)).
17
Suppose y - 4*y = 0. Let s(d) = 0*d + 18 + 3*d - 4*d + 0*d. What are the prime factors of s(y)?
2, 3
Let x(w) = w**2 + 6*w + 4. Let n(l) = -l**2 + 7*l - 12. Let c be n(6). List the prime factors of x(c).
2
Suppose 3*a - 4*k = -2*k + 251, 0 = -k + 2. What are the prime factors of a?
5, 17
Suppose -8 = 2*j - 6*j. Let y be (-1)/2 - 2/(-4). Suppose y = u - j*o + 6, -2*o = 4*u + 2*o - 36. List the prime f